r of t and 1?
1
Let q be 18/((-24)/(-4))*(-112)/(-3). Let n(f) = -3*f**3 - f**2 + 2*f**2 - 4 + f + 18 + 2*f**3. Let z be n(0). What is the highest common divisor of z and q?
14
Suppose -2660 = -3*k - 4*j, -25*j + 28*j - 3549 = -4*k. What is the highest common divisor of 72 and k?
24
Let y(w) = -2*w**3 - 45*w**2 + 12*w - 190. Let j be y(-23). What is the greatest common factor of 23121 and j?
63
Let a = 95 - 70. Let q be (-12141)/(-54) + 1/6. Calculate the greatest common divisor of a and q.
25
Suppose -5*p + 827 = -4*x + 2075, x + 2*p - 312 = 0. Calculate the greatest common divisor of 1352 and x.
104
Let i = 75 + -52. Suppose -164*o = -168*o + 228. Let z = o - -35. What is the highest common factor of i and z?
23
Let y = 48 + -20. Let v be 3*(-2 - 6/2). Let l be (v - -1)*(-13 - 3). Calculate the highest common divisor of y and l.
28
Let u(a) = -6*a**3 - 19*a**2 - 12*a + 9. Let v be u(-3). Calculate the greatest common divisor of v and 2349.
9
Let i = 1645 - 1477. What is the highest common divisor of i and 1456?
56
Suppose 77 - 21 = 4*q. Suppose -7*b = n - 8*b - 18, -4*b - 27 = -n. Suppose 0 = 4*t + n*t - 38. Calculate the greatest common factor of q and t.
2
Suppose 2*f + 17 = 2*k + f, -5*f = k - 25. Let i be 258/4 + k/20. Let c be ((-424)/(-24) - -9) + 8/36*-3. Calculate the greatest common factor of i and c.
13
Let d(u) = -5 - 11 + u + 15 + 65*u**2. Let z be d(1). Let p = 1452 + -1447. What is the highest common divisor of p and z?
5
Suppose -r + 9*r - 856 = 0. Let u = -91 + r. What is the highest common factor of 480 and u?
16
Let m = -14524 + 14538. Calculate the greatest common factor of 10066 and m.
14
Let x = -164 - -170. Suppose 6*w - w + 12 = i, 5*w = 3*i - 16. Let j be i/(-9) + (-1)/(-9)*164. Calculate the highest common divisor of j and x.
6
Let a = 27618 - 27573. What is the highest common divisor of a and 6813?
9
Let y be 264772/1628 - 12/(-33). Calculate the greatest common divisor of 2 and y.
1
Let f(k) = 6*k**2 + 7*k - 10. Let s be f(11). Let n = s - 429. What is the greatest common divisor of 56 and n?
28
Let n = 17666 + 50. What is the greatest common divisor of n and 103?
103
Suppose -42 = -3*l - 5*u + 10*u, l = -3*u + 14. Suppose 0 = 19*o - l*o - 450. Calculate the greatest common factor of 18 and o.
18
Suppose 7*n - 57*n + 9512 = 8*n. Calculate the highest common factor of n and 180.
4
Let f = -58042 - -91333. Calculate the highest common divisor of f and 243.
243
Let s be (-3930)/70 - 11 - (-2)/14. Let h = s + 108. Suppose 485 = 2*c - 171. What is the highest common divisor of h and c?
41
Suppose 21*v + 139*v - 320 = 0. Suppose f - 6*f + 50 = 0. Calculate the greatest common factor of f and v.
2
Let i(z) = -6*z**2 + 32*z - 4. Let n be i(4). Let s(q) = q**2 - q + 14. Let r be 2/12 + 188/24. Let d be s(r). Calculate the highest common factor of n and d.
14
Suppose 3*z + d = 2116, 2*z - 3*d + 64 = 1471. Calculate the highest common divisor of z and 615.
15
Let i = 73 - 73. Suppose 0 = 5*m + 3*t - 4*t - 79, 5*m - 4*t - 76 = i. Let s = 5 + m. What is the greatest common divisor of 7 and s?
7
Let c be (-54)/(-12)*(2 - (-16)/(-6) - -4). What is the greatest common factor of 1545 and c?
15
Let j be 2*(-5)/20 + (-97)/(-2). Suppose -j*h + 765 = -43*h. Calculate the greatest common factor of 34 and h.
17
Let z(v) = 9*v**3 - v**2 + 47*v - 162. Let c be z(3). What is the greatest common factor of c and 12?
3
Let n(r) = r**3 + 33*r**2 - 136*r + 180. Let k be n(-31). What is the greatest common divisor of 810 and k?
162
Suppose 3*a - 550 = 2*f - 437, -4*f = 5*a - 203. What is the highest common factor of a and 2015?
13
Suppose 3*n + 18 = 0, -n + 58 = 4*l - 2*n. Calculate the highest common divisor of l and 12779.
13
Suppose 9214 = 3*k + 12*k - 5366. What is the greatest common factor of 1134 and k?
162
Let l(a) = -26*a - 428. Let i be l(-18). Calculate the greatest common divisor of 3240 and i.
40
Suppose -4*k - 37 = -2*v - k, -5*k + 129 = 4*v. Suppose 5*r + 16 = -59. Let l = r + v. What is the greatest common factor of l and 22?
11
Let z(h) = -19346*h - 98. Let d be z(-1). What is the greatest common divisor of 48 and d?
48
Let c be (6/2)/((27 - 18) + -8). What is the highest common factor of c and 1257?
3
Let b = -279 - -569. Let z = b + -284. Calculate the highest common factor of z and 42.
6
Suppose 0 = 91*u + 323 - 596. What is the greatest common factor of u and 519?
3
Let u(i) = -4*i**2 - 305*i - 48. Let m be u(-76). Let f(g) = 3*g**2 - 6*g - 2. Let o be f(-4). Calculate the greatest common divisor of m and o.
14
Let n(u) = -u**3 - 26*u**2 + 22*u + 809. Let f be n(-26). What is the highest common factor of 60 and f?
3
Suppose 21*j = -2*x + 24*j + 3808, -5*x = j - 9469. What is the highest common factor of x and 5?
5
Let o = 1493 - 1016. Let z = o + -326. Suppose p + 2*p = 5*u - z, -4*u + 106 = 5*p. What is the highest common divisor of u and 29?
29
Let p(a) = 104*a + 4547. Let k be p(-38). What is the greatest common factor of k and 2275?
35
Suppose 3*q = -40*q + 20*q + 16445. What is the greatest common divisor of 1625 and q?
65
Let y(x) = 2*x**2 + 473*x + 5568. Let b be y(-12). Let f(u) = 9*u + 9. Let k be f(7). Calculate the greatest common factor of k and b.
36
Suppose 3*q = k - 1003, -3*k + 318 = -q - 19. Let d = q - -539. What is the highest common divisor of d and 123?
41
Suppose t = 5*h - 83, 3*h + 2*t - 1 = 41. Let z(c) = -c + 53. Let v be z(h). Calculate the highest common divisor of v and 592.
37
Let h be 1/(-2)*4 + (-8 - -364). Suppose h = 12*m + 102. Calculate the greatest common factor of 7 and m.
7
Suppose -2*j + 6914 = 4*z, 0*z - 3*j - 3453 = -2*z. Suppose -3*v = -9*v + z. Calculate the greatest common factor of 64 and v.
32
Suppose -a - 93 = -171. Calculate the greatest common divisor of a and 351.
39
Let a(f) = -f**2 - 7*f - 8. Let d be a(-3). Suppose 4*u = 3*s - 45, d*s + 4*u - 21 = 11. What is the greatest common divisor of 187 and s?
11
Let x(r) = 103*r**2 + 70*r + 466. Let a be x(-8). What is the highest common divisor of a and 18?
18
Suppose 5*w - 6654 = 4*i, 18*w - 2*i + 2640 = 20*w. Calculate the highest common factor of 195 and w.
39
Let i be 1*4/6*(-294)/(-2). Suppose 4*j = i - 26. Let x be 4/(-22) + (-13708)/(-253). What is the highest common factor of j and x?
18
Suppose 0 = 36*z + 32615 - 176327. What is the greatest common factor of z and 16?
8
Let r(h) = -9*h + 1029. Let v be r(97). What is the greatest common divisor of 13338 and v?
78
Let x = 21715 + -20295. What is the highest common factor of x and 17395?
355
Suppose 0 = 44*d - 45*d + 25. Suppose 0 = -d*w + 148 + 277. What is the highest common divisor of w and 34?
17
Let p = 142282 - 142262. Let o(b) = b + 3. Let l be o(-5). Let i be 20*(l - -3*1). What is the greatest common factor of i and p?
20
Let n = 464 + -462. Let t be (-4)/(-4)*88 + (-6)/n. What is the greatest common divisor of 51 and t?
17
Let j be 309/(-15) - 1/(10/(-6)). Let m be ((-20)/j)/((-2)/(-16)). Calculate the highest common factor of 16 and m.
8
Let r = -123 - -117. Let p(g) = g**3 + 7*g**2 - g - 24. Let d be p(r). What is the highest common factor of d and 18?
18
Suppose 0 = -273*p + 267*p + 114. Calculate the greatest common factor of p and 95.
19
Let g(l) be the first derivative of 5*l**4/4 + l**3/3 - 2*l**2 + 3*l - 114. Let v be g(1). Calculate the greatest common divisor of v and 205.
5
Let x = -38 + 90. Suppose 342 + 478 = 20*z. Suppose z*b - 39 = 38*b. What is the greatest common divisor of x and b?
13
Suppose -45*y + 30*y = -1755. Let w = -19 - -14. Let l(x) = -3*x - 2. Let b be l(w). What is the highest common factor of b and y?
13
Suppose -31*n + 1814 = -26*n + 2*g, n = 4*g + 376. Calculate the greatest common divisor of n and 24.
4
Let z = -96 - -166. Suppose -4*b = -317 + 797. Let w = -110 - b. What is the highest common divisor of z and w?
10
Let t(h) = -23*h + 20. Let y be t(-2). Suppose -4*g - 2*s = -158, -3*g = s - y - 52. What is the greatest common divisor of 39 and g?
39
Let s = -517 + 737. Suppose 0 = 2*d - 3*t + 116 - 336, -t + s = 2*d. What is the greatest common factor of 22 and d?
22
Let q be (-618)/(-9) + 0 + (-2)/(-6). Let l be (-8)/(-3)*(2 - 35). Let u = l + 134. What is the greatest common factor of q and u?
23
Let b(g) = -2*g**3 - 3*g**2 